 4 + 101?
110
In base 11, what is -146 + 4?
-142
In base 4, what is 0 - 1122?
-1122
In base 13, what is 35 - -1a?
52
In base 13, what is 3c5 + -2?
3c3
In base 15, what is 9c - -c?
a9
In base 5, what is 10 - -322?
332
In base 9, what is -7 - -242?
234
In base 2, what is 1000 - -101000101?
101001101
In base 16, what is 2c + 2?
2e
In base 12, what is 78 - 11a?
-62
In base 13, what is -3 - 322?
-325
In base 9, what is 14 + 4?
18
In base 11, what is 3 - 78?
-75
In base 12, what is 11 + -b?
2
In base 15, what is 2 + 2d0?
2d2
In base 6, what is -3 + -25330?
-25333
In base 8, what is -66 - 114?
-202
In base 16, what is -1b4d + 5?
-1b48
In base 7, what is -16324 - 2?
-16326
In base 7, what is 51 + 3?
54
In base 9, what is -12 - 43?
-55
In base 16, what is -2 + 2df?
2dd
In base 5, what is 3 - -134?
142
In base 2, what is 11110 + 10110100?
11010010
In base 15, what is 62 + -2?
60
In base 6, what is 10200 + 2?
10202
In base 11, what is -8 - 413?
-420
In base 15, what is -18d - 48?
-1d6
In base 10, what is 4 - 134?
-130
In base 4, what is 11 - 3?
2
In base 8, what is 4 + 221?
225
In base 16, what is -3a + aa?
70
In base 4, what is -20 - 213?
-233
In base 2, what is -10 - -1110010?
1110000
In base 7, what is 46 - 5?
41
In base 16, what is d + 135?
142
In base 8, what is 4 - -104?
110
In base 14, what is 11 + -45?
-34
In base 14, what is -5 - a?
-11
In base 3, what is -12 + 11?
-1
In base 3, what is -11 + -10020?
-10101
In base 9, what is -5100 + -3?
-5103
In base 3, what is -11221 - 221?
-12212
In base 16, what is 2a - -3?
2d
In base 13, what is 55 - -1?
56
In base 3, what is -110 - 210?
-1020
In base 10, what is -4 + 17?
13
In base 4, what is -11 - -311002?
310331
In base 13, what is -2ac - 5?
-2b4
In base 15, what is 9 - -157?
161
In base 10, what is 15 - 50?
-35
In base 7, what is 0 - 236?
-236
In base 14, what is -246 - 4?
-24a
In base 3, what is -12100 + -1?
-12101
In base 14, what is 4 - 30?
-2a
In base 5, what is -1403 - 4?
-1412
In base 3, what is 1022210 + -12?
1022121
In base 6, what is -22 - -11?
-11
In base 12, what is 1321 - -7?
1328
In base 7, what is 3335 - 2?
3333
In base 8, what is 42 - -10?
52
In base 4, what is -1 + -322?
-323
In base 8, what is 2 - -1326?
1330
In base 13, what is -3 - -4?
1
In base 5, what is -2 + 4221?
4214
In base 14, what is -c6 - -2?
-c4
In base 14, what is -4 + 20?
1a
In base 4, what is 0 - -21202?
21202
In base 7, what is -2 - -33?
31
In base 16, what is -12f - 0?
-12f
In base 11, what is 5 - 88?
-83
In base 12, what is -56 + -1?
-57
In base 6, what is -5 + 235?
230
In base 2, what is -10000 + 10000100?
1110100
In base 7, what is 314 + -3?
311
In base 13, what is 74 - -3?
77
In base 10, what is -730 - 7?
-737
In base 4, what is 12031 + -32?
11333
In base 9, what is 1538 + 1?
1540
In base 7, what is 0 - -6530?
6530
In base 14, what is 1a - -4?
20
In base 15, what is -5 - 30?
-35
In base 3, what is 10 - 112011?
-112001
In base 10, what is 14 - -3?
17
In base 2, what is -11101001 - -11?
-11100110
In base 5, what is 221 + 33?
304
In base 4, what is -302 - 1230?
-2132
In base 13, what is -37 + -17?
-51
In base 9, what is -375 - 0?
-375
In base 6, what is -5 + -131?
-140
In base 3, what is -20 + -12?
-102
In base 11, what is -1 + -4a?
-50
In base 6, what is 1140 - 0?
1140
In base 14, what is -2 - -61?
5d
In base 12, what is -b0 + -6?
-b6
In base 7, what is -5 + -1000?
-1005
In base 11, what is 2 - -796?
798
In base 11, what is -2 + 4a?
48
In base 5, what is -112404 + 10?
-112344
In base 12, what is 7 + -1?
6
In base 14, what is -16 + a0?
88
In base 10, what is 2 - 784?
-782
In base 8, what is -105052 - 3?
-105055
In base 7, what is -2623 - 1?
-2624
In base 8, what is -3546 - -1?
-3545
In base 16, what is 0 + -15?
-15
In base 15, what is 41 - 102?
-b1
In base 12, what is -2a4 - -7?
-299
In base 12, what is 13 - -495?
4a8
In base 10, what is 11 - -55?
66
In base 14, what is -5 + 9?
4
In base 14, what is 243 - -4?
247
In base 2, what is -10101110 - 11?
-10110001
In base 13, what is 1 + 7c?
80
In base 7, what is 11 + 35?
46
In base 4, what is -131 + -21?
-212
In base 2, what is -110110001101100 + 11?
-110110001101001
In base 2, what is -10 - -10111000001?
10110111111
In base 11, what is -9 - -13?
5
In base 2, what is 1001 + 111000110?
111001111
In base 6, what is 30 - 2323?
-2253
In base 9, what is 2 + 176?
178
In base 14, what is -1442 - 8?
-144a
In base 14, what is d1 + 0?
d1
In base 16, what is 0 - 5?
-5
In base 8, what is -7325 + 4?
-7321
In base 11, what is 58 - 16?
42
In base 3, what is 1 + 222101?
222102
In base 11, what is 30 - 9?
22
In base 12, what is -a00 - 3?
-a03
In base 4, what is -3 - -2303?
2300
In base 16, what is -18 + 14?
-4
In base 12, what is -3 + -5a0?
-5a3
In base 2, what is 0 - 101010?
-101010
In base 6, what is 52431 + -4?
52423
In base 16, what is -801 - -1?
-800
In base 8, what is 5 - -22?
27
In base 6, what is 145522 + -2?
145520
In base 9, what is -2 + 17?
15
In base 16, what is a + 101e?
1028
In base 7, what is -53 + 143?
60
In base 12, what is -56 - 0?
-56
In base 7, what is 332 - 2?
330
In base 11, what is -a19 - -4?
-a15
In base 15, what is 0 - -38d?
38d
In base 16, what is 2 + -39?
-37
In base 9, what is 278 - -5?
284
In base 3, what is -211 + 122?
-12
In base 5, what is -341 - -12?
-324
In base 5, what is 3 - 124?
-121
In base 8, what is -5 + 66?
61
In base 6, what is -45 + 22?
-23
In base 8, what is 10 - 4?
4
In base 4, what is 20200 - 3?
20131
In base 13, what is 3682 + 4?
3686
In base 12, what is -19 - 5?
-22
In base 7, what is -333 - -10?
-323
In base 4, what is -12 - 221?
-233
In base 2, what is 101 + 111?
1100
In base 6, what is -223254 + 0?
-223254
In base 5, what is 2 + -1014?
-1012
In base 15, what is -26 + c?
-19
In base 9, what is 2 - -131?
133
In base 3, what is 201 - -211?
1112
In base 5, what is 1312423 - -2?
1312430
In base 7, what is 44 + 63?
140
In base 8, what is -3 + 2317?
2314
In base 14, what is 34 - -d?
43
In base 10, what is -12610 + 5?
-12605
In base 13, what is -5 + -38?
-40
In base 12, what is -247 + -2?
-249
In base 14, what is c4 + 7?
cb
In base 4, what is -11 - 10113?
-10130
In base 12, what is 2 + 1914?
1916
In base 3, what is -12012 + 0?
-12012
In base 7, what is 0 - -35305?
35305
In base 12, what is -10 - 47?
-57
In base 7, what is -10 + -30?
-40
In base 14, what is c7 - -10?
d7
In base 3, what is 101 + -121021?
-120220
In base 12, what is 100a + 2?
1010
In base 10, what is -1298 - -4?
-1294
In base 6, what is 242 - 1?
241
In base 8, what is 2 - -2455?
2457
In base 9, what is -5 + 41?
35
In base 2, what is -110 - 101011?
-110001
In base 9, what is 341 - -31?
372
In base 14, what is 1 + -117?
-116
In base 7, what is -16 - -2612?
2563
In base 4, what is 13121 - 33?
13022
In base 15, what is 0 - a62?
-a62
In base 10, what is -58 - -150?
92
In base 11, what is 11238 - 5?
11233
In base 8, what is 43645 - 3?
43642
In base 7, what is 66 - -31?
130
In base 9, what is 77 - -1?
78
In base 5, what is -1231 + -3?
-1234
In base 15, what is 5 - -ee?
104
In base 16, what is -a8 + 5?
-a3
In base 12, what is 3a + 0?
3a
In base 12, what is -2 - 1558?
-155a
In base 5, what is -34 - -30?
-4
In base 3, what is 2 - -1200020?
1200022
In base 9, what is -1226 - 3?
-1230
In base 3, what is 11 - -21110?
21121
In base 6, what is -103010 + 5?
-103001
In base 15, what is d + a?
18
In base 8, what is 372 + -3?
367
In base 11, what is -21 + -134?
-155
In base 5, what is 10341 - 10?
10331
In base 12, what is 5 - 4?
1
In base 14, what is -4a2 - -1?
-4a1
In base 5, what is -1 + -12233?
-12234
In base 10, what is 79 - 65?
14
In base 5, what is 32224 - -1?
32230
In base 14, what is 14 + -4a?
-36
In base 4, what is -202203 + 12?
-202131
In base 4, what is 2 + 122?
130
In base 12, what is 2 + 13?
15
In base 7, what is 5 - 1000?
-662
In base 15, what is 363 - -2?
365
In base 14, what is -7 - -612?
609
In base 3, what is -1 + 1000001?
1000000
In base 4, what is -30 + 3232?
3202
In base 12, what is -2 + -25?
-27
In base 14, what is -41 - -6?
-39
In base 7, what is -1 - -62?
61
In base 3, what is 12 - 10211?
-10122
In base 2, what is 11 + -1111001011?
-1111001000
In base 3, what is 10022 + 10000?
20022
In base 10, what is -15 - 12?
-27
In base 3, what is -120 - -2?
-111
In base 10, what is 131 -